alculate the remainder when 93 is divided by 30.
3
Calculate the remainder when 392 is divided by 136.
120
Calculate the remainder when 235 is divided by 11.
4
Calculate the remainder when 18 is divided by 17.
1
Calculate the remainder when 104 is divided by 18.
14
Calculate the remainder when 18544 is divided by 17.
14
Calculate the remainder when 7831 is divided by 8.
7
What is the remainder when 3129 is divided by 175?
154
Calculate the remainder when 232 is divided by 61.
49
Calculate the remainder when 189 is divided by 19.
18
Calculate the remainder when 281 is divided by 19.
15
What is the remainder when 464 is divided by 94?
88
What is the remainder when 2941 is divided by 109?
107
What is the remainder when 423 is divided by 137?
12
Calculate the remainder when 818 is divided by 118.
110
Calculate the remainder when 289 is divided by 32.
1
Calculate the remainder when 67 is divided by 7.
4
Calculate the remainder when 1270 is divided by 217.
185
What is the remainder when 2258 is divided by 252?
242
Calculate the remainder when 233 is divided by 89.
55
Calculate the remainder when 817 is divided by 92.
81
Calculate the remainder when 1210 is divided by 53.
44
What is the remainder when 112 is divided by 38?
36
Calculate the remainder when 2299 is divided by 20.
19
What is the remainder when 339 is divided by 10?
9
What is the remainder when 114 is divided by 35?
9
What is the remainder when 3323 is divided by 195?
8
What is the remainder when 727 is divided by 3?
1
What is the remainder when 377 is divided by 128?
121
Calculate the remainder when 693 is divided by 18.
9
What is the remainder when 137 is divided by 41?
14
Calculate the remainder when 31600 is divided by 69.
67
What is the remainder when 1328 is divided by 214?
44
What is the remainder when 290 is divided by 97?
96
What is the remainder when 5144 is divided by 123?
101
Calculate the remainder when 3893 is divided by 83.
75
Calculate the remainder when 677 is divided by 212.
41
What is the remainder when 3509 is divided by 1168?
5
Calculate the remainder when 315 is divided by 6.
3
Calculate the remainder when 53 is divided by 24.
5
What is the remainder when 143 is divided by 44?
11
Calculate the remainder when 1289 is divided by 144.
137
What is the remainder when 345 is divided by 338?
7
What is the remainder when 22439 is divided by 66?
65
Calculate the remainder when 100 is divided by 28.
16
What is the remainder when 535 is divided by 60?
55
Calculate the remainder when 382 is divided by 128.
126
Calculate the remainder when 1546 is divided by 43.
41
Calculate the remainder when 24248 is divided by 79.
74
Calculate the remainder when 1369 is divided by 28.
25
Calculate the remainder when 7697 is divided by 100.
97
What is the remainder when 69 is divided by 9?
6
Calculate the remainder when 264 is divided by 58.
32
What is the remainder when 130 is divided by 34?
28
Calculate the remainder when 168 is divided by 82.
4
Calculate the remainder when 126 is divided by 64.
62
What is the remainder when 121 is divided by 34?
19
What is the remainder when 216 is divided by 73?
70
What is the remainder when 477 is divided by 10?
7
What is the remainder when 541 is divided by 179?
4
What is the remainder when 186 is divided by 90?
6
What is the remainder when 417 is divided by 43?
30
What is the remainder when 73 is divided by 11?
7
Calculate the remainder when 1777 is divided by 94.
85
Calculate the remainder when 26 is divided by 20.
6
What is the remainder when 181 is divided by 26?
25
Calculate the remainder when 1153 is divided by 13.
9
What is the remainder when 815 is divided by 16?
15
Calculate the remainder when 444 is divided by 16.
12
What is the remainder when 2985 is divided by 83?
80
Calculate the remainder when 2781 is divided by 48.
45
Calculate the remainder when 218 is divided by 22.
20
Calculate the remainder when 166 is divided by 21.
19
Calculate the remainder when 9876 is divided by 15.
6
Calculate the remainder when 231 is divided by 18.
15
Calculate the remainder when 1780 is divided by 355.
5
Calculate the remainder when 135 is divided by 69.
66
Calculate the remainder when 304 is divided by 152.
0
What is the remainder when 884 is divided by 47?
38
Calculate the remainder when 178 is divided by 15.
13
Calculate the remainder when 347 is divided by 70.
67
Calculate the remainder when 32 is divided by 6.
2
Calculate the remainder when 1549 is divided by 194.
191
What is the remainder when 380 is divided by 55?
50
What is the remainder when 348 is divided by 112?
12
What is the remainder when 115 is divided by 37?
4
Calculate the remainder when 108 is divided by 87.
21
Calculate the remainder when 121 is divided by 62.
59
Calculate the remainder when 2000 is divided by 1994.
6
What is the remainder when 613 is divided by 5?
3
Calculate the remainder when 319 is divided by 23.
20
What is the remainder when 1348 is divided by 67?
8
Calculate the remainder when 328 is divided by 108.
4
What is the remainder when 24 is divided by 10?
4
What is the remainder when 86 is divided by 46?
40
Calculate the remainder when 156 is divided by 8.
4
Calculate the remainder when 177 is divided by 9.
6
What is the remainder when 193 is divided by 17?
6
What is the remainder when 660 is divided by 51?
48
Calculate the remainder when 13 is divided by 10.
3
What is the remainder when 1168 is divided by 51?
46
Calculate the remainder when 307 is divided by 162.
145
What is the remainder when 155 is divided by 45?
20
Calculate the remainder when 865 is divided by 24.
1
What is the remainder when 297 is divided by 47?
15
Calculate the remainder when 259 is divided by 58.
27
Calculate the remainder when 72 is divided by 25.
22
What is the remainder when 146 is divided by 7?
6
Calculate the remainder when 527 is divided by 126.
23
Calculate the remainder when 2727 is divided by 26.
23
What is the remainder when 1162 is divided by 22?
18
Calculate the remainder when 21 is divided by 6.
3
What is the remainder when 4694 is divided by 427?
424
Calculate the remainder when 2144 is divided by 74.
72
What is the remainder when 635 is divided by 4?
3
Calculate the remainder when 201 is divided by 145.
56
What is the remainder when 1007 is divided by 98?
27
What is the remainder when 1677 is divided by 48?
45
What is the remainder when 6110 is divided by 34?
24
Calculate the remainder when 153 is divided by 25.
3
Calculate the remainder when 120 is divided by 57.
6
Calculate the remainder when 260 is divided by 29.
28
Calculate the remainder when 59 is divided by 10.
9
Calculate the remainder when 116 is divided by 15.
11
Calculate the remainder when 1647 is divided by 55.
52
Calculate the remainder when 3268 is divided by 25.
18
Calculate the remainder when 509 is divided by 19.
15
Calculate the remainder when 555 is divided by 111.
0
Calculate the remainder when 85 is divided by 20.
5
What is the remainder when 111 is divided by 66?
45
Calculate the remainder when 172 is divided by 87.
85
Calculate the remainder when 197 is divided by 16.
5
What is the remainder when 40 is divided by 21?
19
What is the remainder when 161 is divided by 24?
17
What is the remainder when 19007 is divided by 192?
191
Calculate the remainder when 172 is divided by 136.
36
What is the remainder when 70 is divided by 28?
14
Calculate the remainder when 515 is divided by 180.
155
Calculate the remainder when 275 is divided by 131.
13
What is the remainder when 1240 is divided by 46?
44
What is the remainder when 16 is divided by 5?
1
Calculate the remainder when 7175 is divided by 52.
51
What is the remainder when 59 is divided by 24?
11
Calculate the remainder when 83 is divided by 12.
11
Calculate the remainder when 213 is divided by 97.
19
Calculate the remainder when 4745 is divided by 22.
15
What is the remainder when 90 is divided by 25?
15
What is the remainder when 98 is divided by 65?
33
What is the remainder when 545 is divided by 66?
17
What is the remainder when 106 is divided by 39?
28
What is the remainder when 513 is divided by 50?
13
What is the remainder when 1920 is divided by 113?
112
What is the remainder when 290 is divided by 36?
2
Calculate the remainder when 1561 is divided by 31